2*-15?
2, 5, 59
Suppose 5*d = 2*n - 3664, 2*n = -2*d + 4269 - 619. What are the prime factors of n?
3, 7, 29
Suppose -2*k - 6 - 10 = 0. Let w(z) = z**3 + 10*z**2 - 9. List the prime factors of w(k).
7, 17
Suppose 3*y = 5*x - 1040, -8*y + 5*y - 425 = -2*x. What are the prime factors of x?
5, 41
Suppose 0 = -5*t + u + 6362, 6*u = t + 8*u - 1268. List the prime factors of t.
2, 3, 53
Let p = -1750 - -2991. List the prime factors of p.
17, 73
Suppose 5*w = 10, -1055 = -4*m - 4*w - 343. Suppose 3*l + 176 = -4*x - 2*l, 4*x = 2*l - m. Let f = -16 - x. List the prime factors of f.
2, 7
Suppose 0 = -4*y + 3*b - 95, 4*b - 5 = -y - b. Let q be 0 + (y*6)/(-2). Suppose -4*n - 85 = -5*a, 3*a + 2*a = -n + q. What are the prime factors of a?
13
Let q(u) = 10*u**2 - 4*u - 15. List the prime factors of q(-7).
503
Let i = 2601 + -1749. What are the prime factors of i?
2, 3, 71
Let g(t) = -3*t - 3. Let b be g(-2). Suppose 0 = -b*u - 2*u + 20. Suppose u*x - 7*x = -105. What are the prime factors of x?
5, 7
Suppose 1507 = 35*w - 768. What are the prime factors of w?
5, 13
Suppose 56 = 5*d - 34. What are the prime factors of ((-122)/3)/((-12)/d)?
61
Let q(v) = -v**3 + 3*v**2 - 3*v + 3. Let p be q(2). Let c be 2 - 1 - 4/(-1). Suppose 96 - p = c*x. What are the prime factors of x?
19
What are the prime factors of ((0 - 1) + 0)/((-143)/217789)?
1523
Suppose 4*s + 5 = 3*o + 57, 5*s = 5*o + 80. Let p be 9 + o/(8/2). Suppose b - 2 = 0, -b - 55 = -p*n + 3*n. What are the prime factors of n?
19
Let w(c) be the third derivative of -c**4/24 + 35*c**3/3 + 14*c**2. List the prime factors of w(0).
2, 5, 7
Suppose p - l = 0, 3*p + 5*l = -0*p + 16. Suppose 3*h - 190 = -p*h. What are the prime factors of h?
2, 19
Let t(v) = -5*v. Let b be t(4). Let l = -58 + 182. List the prime factors of l/(-6)*30/b.
31
Suppose 7*y = 4*y - 36. Let v = 19 - -8. Let m = y + v. List the prime factors of m.
3, 5
Suppose 0*z = -3*z - 4*i + 347, z - 2*i - 129 = 0. Let b be (-356)/3*9/(-6). Let a = b - z. List the prime factors of a.
3, 19
Suppose 2*h + 15*f - 1641 = 20*f, -3*h + 3*f + 2475 = 0. List the prime factors of h.
2, 3, 23
Let j = -29 - -74. Let q = 101 - j. What are the prime factors of q?
2, 7
Suppose 114720 = 14*k - 2*k. List the prime factors of 8/(-14) + k/70.
2, 17
Let u be (-15)/(-6)*2*948/5. Suppose -8*o + u = -164. List the prime factors of o.
139
Let p = 43 - 45. List the prime factors of 32/2 - (3 - p).
11
Let d = -77 - -36. Let j = 90 + d. What are the prime factors of j?
7
What are the prime factors of (15/4)/(121/40 + -3)?
2, 3, 5
Let i be 184/12*(-3)/(-1). List the prime factors of (i*(-1)/2)/(-1).
23
Let w(c) = -c**3 - 7*c**2 + 7*c - 3. Let u be w(-8). Suppose 0*z + 4*z - u*l - 56 = 0, 0 = -5*z + 3*l + 83. What are the prime factors of z?
19
Suppose -79 = -5*h + 1. Suppose 3*a = -88 + h. Let p = 16 - a. What are the prime factors of p?
2, 5
Let c(t) = t - 8. Let x be c(11). Suppose 0 = -4*g + 20, 0*o + 268 = x*o - 4*g. What are the prime factors of o?
2, 3
Let l = -8 + 8. Suppose 2*f = -l*f + 20. Suppose f = j - 2. What are the prime factors of j?
2, 3
Suppose -3*n - 11700 = -3*a, 20*a - 18*a - 5*n = 7812. What are the prime factors of a?
2, 487
Let f(x) = 14*x**3 + 3*x**2 + 5*x + 8. Let y(k) = k**3. Let q(h) = -f(h) + 4*y(h). What are the prime factors of q(-2)?
2, 5, 7
Let s(u) = 3*u + 6. Let x be s(-12). Let g = 35 + x. Suppose -5*a + 223 = 4*f, g*f + 2*a - 325 = 5*a. List the prime factors of f.
2, 31
Let j = 4304 - 2837. What are the prime factors of j?
3, 163
Suppose -3*q - 9 - 6 = 0, 2*h + 2*q - 3376 = 0. What are the prime factors of h?
1693
Let v(s) = -42*s + 16. What are the prime factors of v(-13)?
2, 281
Let r(d) be the second derivative of -3*d**5/2 - d**4/6 - d**3/6 - d**2 + 10*d. List the prime factors of r(-2).
2, 29
Let d = -8 - -15. Suppose d*r = 4*r. Suppose -3*b - 70 = -c - 171, r = -3*b + 3*c + 99. List the prime factors of b.
2, 17
Suppose 11919 = 27*m - 663. List the prime factors of m.
2, 233
Suppose 0 = 4*f - 6*f + 8. Suppose -f*q = -84 + 4. What are the prime factors of q?
2, 5
Let b(p) = -13*p. Let x be 8/10 + 6/30. Let w be b(x). Let c = 55 - w. What are the prime factors of c?
2, 17
Let u = -6 + -5. Let b(o) = o**3 + 12*o**2 + 8*o + 17. List the prime factors of b(u).
2, 5
Let v = 687 - 471. Suppose 0 = -o - 3*o + v. What are the prime factors of o?
2, 3
Let t = -21 + 66. Suppose -15 = -3*k - 2*l + 5*l, -3*l - 15 = -2*k. Suppose -o - 2*o = g - t, -3*o + 15 = k. What are the prime factors of g?
2, 3, 5
Let w be -27 - (2 - (1 - -3)). Let n = -24 - w. List the prime factors of 37/(-2 - (-4 + n)).
37
Suppose 495 + 2069 = 2*u. Suppose 14*q - u - 300 = 0. What are the prime factors of q?
113
Suppose 3*n + 3*a + 3 = 0, -4*n = 5*a - 1 + 5. Let m = 25 - n. Let g = m - -10. List the prime factors of g.
2, 3
Suppose 4*x + 459 = 5*d, -2*x = -6*x - 4. Let r(g) = 25*g + 231. Let a be r(-11). Let l = a + d. What are the prime factors of l?
47
Suppose -4*i + 480 = -4*y, 4*i - 3*y = -4*y + 460. List the prime factors of i.
2, 29
Suppose -379 = 3*k - 790. What are the prime factors of k?
137
Let m(c) = c**3 - 4*c**2 + 3. Let t be m(4). Suppose z + 2 = -t. Let l(b) = b**2 + 2*b + 1. What are the prime factors of l(z)?
2
Let f(m) = -284*m**3 + 3*m + 2. Let o be f(-1). Let u be (o - -2)*(-4)/(-12). Let n = -52 + u. What are the prime factors of n?
43
Let h = 424 - -3322. List the prime factors of h.
2, 1873
Suppose 2 + 13 = 5*m. Suppose 2*f = -4*q + 46, 0 = 5*q - 4*f + m*f - 40. What are the prime factors of 0 + (-3 - q*-3)?
2, 3
Suppose 5*j + 3*l = 116, 4*j + 5*l = 4*l + 90. Let d = j - 19. Suppose -2*v + 37 = -d. What are the prime factors of v?
2, 5
Suppose -3*l = -2*l. Let f be 3 + 1 - l/2. Suppose 5*t + 40 = 3*o, -o = f*o + 4*t - 79. List the prime factors of o.
3, 5
Let z(j) = -10*j + 0*j + 4*j. Let w be z(-1). Suppose -2*h + w*h = 120. What are the prime factors of h?
2, 3, 5
Let g be 1/(-7) - 502/14. Let f be (-4)/22 - g/(-44). List the prime factors of (-8)/(1/2 + f).
2
Let w = -1666 - -2691. What are the prime factors of w?
5, 41
Suppose 6*y = 5*y + 5. Suppose 40 = 4*z + 4*a, -5 = -2*z - y*a + 6. Suppose t - x = 2*t - z, 31 = t - 5*x. What are the prime factors of t?
2
Suppose -1380 = -5*j + 4*c - 2*c, 4*j - 1081 = -3*c. List the prime factors of j.
2, 137
Let f = -56 - -258. What are the prime factors of f?
2, 101
Let g(t) = 20*t**2 - 6*t + 30. List the prime factors of g(-6).
2, 3, 131
Let g(p) = -p - 1. Let u be g(-11). Suppose -3*j - 2*m + u = j, -5*j = 5*m. Suppose 5*s - j*b = -0*b + 100, b + 40 = 2*s. What are the prime factors of s?
2, 5
Let q(f) = -f**2 + 6*f + 17. Let k be (-6)/(-4)*138/9. Let s = 28 - k. What are the prime factors of q(s)?
2, 11
Let n = 74 - 26. List the prime factors of -6*(-2)/n + 1422/8.
2, 89
Let h(b) = 2*b**2 - 16*b - 3. Suppose -5*f + 8 = -47. List the prime factors of h(f).
3, 7
Suppose 0 = 5*d - j - j - 3019, -3025 = -5*d + 5*j. What are the prime factors of d?
3, 67
Let o = 193 + -51. What are the prime factors of o?
2, 71
Let q(o) = 9*o**2 - 4*o - 3. Let a be 8/(-60) + (-362)/(-15). Let w = 22 - a. What are the prime factors of q(w)?
41
Suppose 0 = -7*a + 194 + 184. Let r = 113 - a. What are the prime factors of r?
59
Suppose -10*d + 21*d = 1122. List the prime factors of d.
2, 3, 17
Suppose -18200 - 19526 = -13*w. What are the prime factors of w?
2, 1451
Suppose 2*o - 183 = -o + 3*r, 0 = -4*o - 3*r + 237. Let u be o/9*-12*1. What are the prime factors of ((-12)/(-5))/((-12)/u)?
2
What are the prime factors of 9483/27 + -4 - 6/27?
347
Let k be -37*(186/(-42) + (-6)/(-14)). Suppose 0 = -2*f + k + 114. What are the prime factors of f?
131
Let j = 32 + -32. What are the prime factors of (26 - -2) + j/(-8)?
2, 7
Suppose r - 358 = 2*s, -r - 4*s = 2*r - 1084. Suppose 0 = 36*k - 40*k + r. What are the prime factors of k?
2, 3, 5
Let c(m) = 40*m**3 - 4*m**2 + 5*m - 3. What are the prime factors of c(2)?
311
Let v be -12*(16/(-3))/(-4). Let x = 13 - v. What are the prime factors of x?
29
Suppose 12 = -5*i - 73. Let b = i - -71. List the prime factors of b.
2, 3
Suppose -17*b + 331 + 1233 = 0. List the prime factors of b.
2, 23
Let j(p) = -p**3 + 6*p**2 - 4*p - 32. List the prime factors of j(-5).
263
Let f = 3217 + -1718. What a